{"id":140,"date":"2013-02-25T18:26:00","date_gmt":"2013-02-25T18:26:00","guid":{"rendered":"http:\/\/www.lemonlab.at\/WP\/?page_id=140"},"modified":"2022-01-17T14:31:32","modified_gmt":"2022-01-17T14:31:32","slug":"projekte","status":"publish","type":"page","link":"http:\/\/www.clairetudela.com\/?page_id=140","title":{"rendered":"Bio &#038; Credits"},"content":{"rendered":"\n<div class=\"wp-block-file\"><a href=\"http:\/\/www.clairetudela.com\/wp-content\/uploads\/2021\/11\/CLAIRE-TUDELA_biographie_franc\u0327ais_2021-1.pdf\">CLAIRE TUDELA_biographie_franc\u0327ais_2021<\/a><a href=\"http:\/\/www.clairetudela.com\/wp-content\/uploads\/2021\/11\/CLAIRE-TUDELA_biographie_franc\u0327ais_2021-1.pdf\" class=\"wp-block-file__button\" download>T\u00e9l\u00e9charger la biographie en fran\u00e7ais<\/a><\/div>\n\n\n\n<h2 class=\"has-text-align-center\">Biography<\/h2>\n\n\n\n<p><strong>Claire Tudela<\/strong><em> <\/em>is a French actress based in Vienna. She trained in Lyon, Paris, Vienna and the USA. She is a graduate of the drama school <em>Acad\u00e9mie Internationale des Arts du Spectacle<\/em> of Versailles. Her training included focus areas such as <strong>improv, comedy, musical and physical theatre<\/strong> such as Giorgio Strehler mask acting technique, fencing and stage combat, Marcel Marceau mime technique as well as ballet. She was part of several international productions, among them the improv-reality-sitcom <em>Monochrom\u2019s ISS<\/em> as Dr Claire Saint Jacques and short and independent films such as <em>Le Retour<\/em>. Some of her theatre credits include Shakespeare\u2019s <em>A Midsummer Night\u2019s Dream<\/em> in the role of Hermia and the American Drama Group production of Moli\u00e8re\u2019s <em>The Bourgeois Gentleman<\/em> as Madame Jourdain. Tudela played at various notable venues in Europe such as the Th\u00e9\u00e2tre Montansier in Versailles, the Gasteig in Munich, and the International Theatre of Winterthur.<\/p>\n\n\n\n<p>Over the years she has continued training with Casting Directors such as 10x Emmy Award-winning Marc Teschner, CSA, and Vicki Goggin, coaches ans performers such as Jerry Coyle &#8211; Meisner Technique &#8211; , Ute Lemper and Maya Hakvoort. She has been working <strong>as a director <\/strong>and an assistant director for several independent theatre productions as well as for the renowned international theatre festival in Avignon. <strong>As a singer,<\/strong> Tudela recorded Austrian composer Alfred Polansky&#8217;s album based on French poems <em>De la Curiosit\u00e9 du Silence<\/em> and performs regularly in various concerts. Besides her acting career, she teaches <strong><em>Commedia dell\u2019Arte<\/em> acting techniques<\/strong>, works as a French speech coach, and is currently co-writing a play. She is a certified scuba diver and thanks to her deep interest in cultures and languages speaks <strong>fluent English and German<\/strong> as well as a little Italian. &nbsp;<\/p>\n\n\n\n<h2 class=\"has-text-align-center\">All credits<\/h2>\n\n\n\n<p><\/p>\n\n\n\n<blockquote class=\"wp-block-quote\"><p>FILM<\/p><\/blockquote>\n\n\n\n<p><strong>2017 <\/strong>\/<strong> Begegnung in Wien <\/strong>\/<strong> <\/strong>Lead<strong>&nbsp;<\/strong>\/&nbsp;Dir. Peter Reinhard<br \/><strong>2014<\/strong> \/ <strong>Trailer &#8211; Festival du Film Francophone de Vienne<\/strong> \/ Lead \/ Dir.&nbsp; Fran\u00e7ois Issaverdens &amp; Mona Schwitzer<br \/><strong>2013<\/strong> \/ <strong>De Retour<\/strong> \/ Supporting \/&nbsp; Dir. Fran\u00e7ois Issaverdens<\/p>\n\n\n\n<blockquote class=\"wp-block-quote\"><p>TELEVISION<\/p><\/blockquote>\n\n\n\n<p><strong>2010-2012<\/strong> \/ <strong>Monochrom&#8217;s ISS<\/strong> \/ Series Regular \/ Dir. Johannes Grenzfurthner<\/p>\n\n\n\n<blockquote class=\"wp-block-quote\"><p>NEW MEDIA<\/p><\/blockquote>\n\n\n\n<p><strong>2015<\/strong> \/ <strong>French Institute Presentation<\/strong> \/ Co-Star \/ Atelier Filmfabrik<\/p>\n\n\n\n<blockquote class=\"wp-block-quote\"><p>MUSIC CLIPS<\/p><\/blockquote>\n\n\n\n<p><strong>2020<\/strong> \/ <strong>K\u00fcnstlerin<\/strong> \/ Freunde Sch\u00f6ner<\/p>\n\n\n<blockquote>\n<p>THEATRE<\/p>\n<\/blockquote>\n<p><strong>2019\u20132020<\/strong> \/ <strong>Le Bourgeois Gentilhomme<\/strong> (Moli\u00e8re) \/ Mme Jourdain \/&nbsp; Dir. Gaspard Legendre &#8211; American Drama Group Europe &#8211; TNT Theatre<br \/><strong>2016<\/strong> \/ <strong>Aschenputtel (Cinderella)<\/strong> \/ Mutter \/ Dir. Eva Jankovsky<br \/><strong>2010\u20132015<\/strong> \/ <strong>Le Songe d&#8217;une Nuit d&#8217;Et\u00e9<\/strong>&nbsp;\/ Hermia \/ Dir. Carlo Boso<br \/><strong>2011<\/strong> \/ <strong>Il Falso Magnifico<\/strong> \/ Zerbinetta \/ Dir. Carlo Boso &#8211; Th\u00e9\u00e2tre dell&#8217;Arte <br \/><strong>2011<\/strong> \/ <strong>Le Proc\u00e8s<\/strong> \/ Ensemble \/ Dir. Anna Cottis<br \/><strong>2009<\/strong> \/ <strong>The Producers<\/strong> \/ Ensemble \/ Dir. Martine H\u00e9bette<br \/><strong>2009\u20132010<\/strong> \/ <strong>La Trilogie de la Vill\u00e9giature<\/strong> \/ Brigida \/&nbsp; Dir. Carlo Boso<br \/><strong>2008<\/strong> \/ <strong>Carmen<\/strong> \/ Carmen \/ Dir. Danuta Zarazik<br \/><strong>2008<\/strong> \/ <strong>Noces de Sang&nbsp;<\/strong> \/ <span style=\"font-weight: 400;\">Leonardo\u2019s wife<\/span> \/ Dir. Danuta Zarazik<br \/><strong>2008\u20132009<\/strong> \/ <strong>Le Cr\u00e9puscule des Atrides (Oresteia)<\/strong> \/ Cassandra \/ Dir. Pascal Arbeille &amp; Carlo Boso<\/p>\n<blockquote>\n<p>DIRECTING<\/p>\n<\/blockquote>\n<p><strong>2019<\/strong> \/ <strong>Le Mariage Forc\u00e9<\/strong> (Moli\u00e8re) \/ Institut Fran\u00e7ais d&#8217;Autriche&nbsp;<br \/><strong>2019<\/strong> \/ <strong>Monsieur de Pourceaugnac<\/strong> (Moli\u00e8re) \/ Institut Fran\u00e7ais d&#8217;Autriche&nbsp;<br \/><strong>2018<\/strong> \/ <strong>Les Pr\u00e9cieuses Ridicules<\/strong> (Moli\u00e8re) \/ Institut Fran\u00e7ais d&#8217;Autriche&nbsp;<br \/><strong>2018<\/strong> \/ <strong>La Jalousie de Barbouill\u00e9<\/strong> (Moli\u00e8re) \/ Institut Fran\u00e7ais d&#8217;Autriche&nbsp;<br \/><strong>2017<\/strong> \/ <strong>Le M\u00e9decin Malgr\u00e9 lui<\/strong> (Moli\u00e8re) \/ Institut Fran\u00e7ais d&#8217;Autriche<br \/><strong>2016<\/strong> \/ <strong>Un Pied dans le Crime<\/strong> (Labiche) \/ Institut Fran\u00e7ais d&#8217;Autriche<br \/><strong>2015<\/strong> \/ <strong>L&#8217;Amour M\u00e9decin<\/strong> (Moli\u00e8re) \/ Institut Fran\u00e7ais d&#8217;Autriche<\/p>\n<p><strong>2016<\/strong> \/ <strong>Lenz<\/strong> \/ Assistant Director \/ Dir. Cornelia Rainer<br \/><strong>2016<\/strong> \/ <strong>Aschenputtel (Cinderella)<\/strong> \/ Assistant Director \/ Dir. Eva Jankovsky<br \/><strong>2015<\/strong> \/ <strong>Wind<\/strong> \/ Assistant Director \/ Dir. Regina Welk &#8211; Docha Vienne<\/p>\n<blockquote>\n<p>SINGING<\/p>\n<\/blockquote>\n<p><strong>2021<\/strong> \/ <strong>Hommage \u00e0 Juliette Gr\u00e9co <\/strong>\/ Dir. Marietta Tadanier (ongoing rehearsals)<strong><br \/>2019<\/strong> \/ <strong>Hommage \u00e0 Michel Legrand <\/strong>\/ Dir. Marietta Tadanier<br \/><strong>2019<\/strong> \/ <strong>Les Couleurs du Temps<\/strong> \/ Dir. Marietta Tadanier<br \/><strong>2018<\/strong> \/ <strong>Hommage \u00e0 Dalida<\/strong> \/ Dir. Marietta Tadanier<br \/><strong>2016\u20132017<\/strong> \/ <strong>Du Temps des Cerises \u00e0 Maintenant <\/strong>\/ Dir. Marietta Tadanier<br \/><strong>2015\u20132016<\/strong> \/ <strong>De la Curiosit\u00e9 du Silence<\/strong> \/ Composer Alfred Polansky<\/p>\n<p><strong>2015<\/strong> \/ <strong>Record:&nbsp; \u00ab De la Curiosit\u00e9 du Silence \u00bb <\/strong>\/ Alfred Polansky \/ Sinuswave Artworx Vienna&nbsp;<\/p>\n\n\n<p><\/p>\n","protected":false},"excerpt":{"rendered":"<p>Biography Claire Tudela is a French actress based in Vienna. She trained in Lyon, Paris, Vienna and the USA. She is a graduate of the drama school Acad\u00e9mie Internationale des Arts du Spectacle of Versailles. Her training included focus areas&#8230; <a class=\"more-link\" href=\"http:\/\/www.clairetudela.com\/?page_id=140\">Weiterlesen &rarr;<\/a><\/p>\n","protected":false},"author":1,"featured_media":977,"parent":2,"menu_order":0,"comment_status":"closed","ping_status":"closed","template":"template-nosidebar.php","meta":{"ngg_post_thumbnail":0},"_links":{"self":[{"href":"http:\/\/www.clairetudela.com\/index.php?rest_route=\/wp\/v2\/pages\/140"}],"collection":[{"href":"http:\/\/www.clairetudela.com\/index.php?rest_route=\/wp\/v2\/pages"}],"about":[{"href":"http:\/\/www.clairetudela.com\/index.php?rest_route=\/wp\/v2\/types\/page"}],"author":[{"embeddable":true,"href":"http:\/\/www.clairetudela.com\/index.php?rest_route=\/wp\/v2\/users\/1"}],"replies":[{"embeddable":true,"href":"http:\/\/www.clairetudela.com\/index.php?rest_route=%2Fwp%2Fv2%2Fcomments&post=140"}],"version-history":[{"count":103,"href":"http:\/\/www.clairetudela.com\/index.php?rest_route=\/wp\/v2\/pages\/140\/revisions"}],"predecessor-version":[{"id":1258,"href":"http:\/\/www.clairetudela.com\/index.php?rest_route=\/wp\/v2\/pages\/140\/revisions\/1258"}],"up":[{"embeddable":true,"href":"http:\/\/www.clairetudela.com\/index.php?rest_route=\/wp\/v2\/pages\/2"}],"wp:featuredmedia":[{"embeddable":true,"href":"http:\/\/www.clairetudela.com\/index.php?rest_route=\/wp\/v2\/media\/977"}],"wp:attachment":[{"href":"http:\/\/www.clairetudela.com\/index.php?rest_route=%2Fwp%2Fv2%2Fmedia&parent=140"}],"curies":[{"name":"wp","href":"https:\/\/api.w.org\/{rel}","templated":true}]}}